w**3/6 + w**2/2 - 3*w. Let l(u) be the first derivative of c(u). List the prime factors of l(0).
5
Suppose -17*t = -v - 15*t + 1163, 4*v - 4597 = -3*t. List the prime factors of v.
1153
Let w(i) = 5*i**3 - 4*i**2 - 1. Let t be w(4). Suppose -6*v + v = -t. Let s = v + -35. What are the prime factors of s?
2
Suppose 0 = -14*a + 9*a + 1615. Suppose -a - 487 = -6*k. List the prime factors of k.
3, 5
Suppose 7*r - 5223 = 4500. What are the prime factors of r?
3, 463
Let v(z) = 2*z + 1. Let j be 44/(-7) + 6/21. Let n = 22 + j. List the prime factors of v(n).
3, 11
Let x(i) = i**3 - 30*i**2 + 40*i + 3. What are the prime factors of x(33)?
2, 3, 5, 17
Suppose -4*d + 443 - 19 = 0. Suppose -d - 89 = -5*j. Suppose m = 5*p + j, 2*p - 4 = m - 2*m. What are the prime factors of m?
2, 7
What are the prime factors of 118/1*(-81)/(-54)?
3, 59
Suppose -t + 276 = -2*q, -4*q = -3*t + 84 + 464. Let k = q - -233. List the prime factors of k.
3, 31
Suppose -5*p + 20 = 5*h, -2*p - 12 = -4*h - 4*p. Suppose 10 + h = 4*r. Suppose -43 = -4*q + r*b, -q - b = -0*q - 2. List the prime factors of q.
7
Suppose 0 = 5*c + 4*j - 3317, 4*c - 11*j + 15*j - 2656 = 0. List the prime factors of c.
661
Let g = 5 - 7. Let f(r) = -2*r**3 - 2*r - 3. Let b be f(g). Suppose 3*o - 13 = b. What are the prime factors of o?
2, 5
Let w(n) be the third derivative of 0 + 1/24*n**4 + 0*n + 1/60*n**6 - 1/30*n**5 + 0*n**3 + 2*n**2. What are the prime factors of w(2)?
2, 5
Let u(w) = -6*w + 1. Let z(i) = -9*i**2 + i - 1. Let n be z(1). What are the prime factors of u(n)?
5, 11
Let v(t) = 2*t**2 + 9*t - 4. Let x be v(-9). Let n be x + -4 - 0 - 0. Let d = n - 33. What are the prime factors of d?
2, 5
List the prime factors of (-6)/7 - 1030120/(-392).
37, 71
Let w(v) = 22*v**3 - v - 1. Let o be w(2). Suppose 3*p - o = 58. What are the prime factors of p?
7, 11
Suppose 0 = -4*k - 5*s + 244, -k - 2*k + 3*s + 183 = 0. Suppose -65*a = -k*a - 764. List the prime factors of a.
191
Suppose 2*k + 3*y - 1084 = -167, -5*k - 2*y + 2287 = 0. What are the prime factors of k?
457
Suppose 2*f + 11*f - 455 = 0. What are the prime factors of (f/(-5))/((-4)/24)?
2, 3, 7
Suppose -4*o - 3 + 15 = 0, -37 = -5*y - 4*o. Suppose -144 = -y*r + 171. List the prime factors of r.
3, 7
Let z = -111 + 316. List the prime factors of z.
5, 41
Let a(f) = -26*f**3 - f**2 - 3*f - 4. List the prime factors of a(-4).
2, 3, 23
Let p be (32/(-6))/(-4)*3. Suppose 5*v + c - 55 = -p*c, -5*c + 5 = 0. Suppose -5*q - v = -120. What are the prime factors of q?
2, 11
Suppose -4*b - 20 = -4*q, 2*b + 0*b = 2. Let u be q/(-12) - 13/(-2). Let t(i) = i**3 - 5*i**2 - i - 4. What are the prime factors of t(u)?
2, 13
Suppose 3*u - 72 = -3*k - 0*k, -3*k = -12. Let v = u + 9. What are the prime factors of v?
29
Let r(d) = 293*d + 7. What are the prime factors of r(3)?
2, 443
Let w(f) = -9*f**3 - 5*f - 4. Let t be w(-1). Suppose o = 2, 0 = -5*q + 5*o + t + 270. List the prime factors of q.
2, 29
Suppose 4*v + 29 = 93. Suppose 0 = -3*c - 3*b + 165, 251 = -2*c + 7*c - 3*b. Let t = c - v. List the prime factors of t.
2, 3
Let u(m) = m**3 + 10*m**2 - 35*m + 42. List the prime factors of u(9).
2, 3, 211
Suppose -208 = -5*h + 592. Suppose -5*t + h = 3*t. List the prime factors of t.
2, 5
Let f be (-972)/((-30)/5) + 3. Let a = -64 + f. List the prime factors of a.
101
Let c be -1*(3 + -4 + 3). Let u(j) = 5*j + 41. Let n(w) = w + 10. Let z(x) = c*u(x) + 9*n(x). List the prime factors of z(-11).
19
Let j be 14/4*(-8)/(-14). What are the prime factors of (85 + (-1 - -2))/j?
43
Let l(f) = f**3 + f**2 - f + 12. Suppose 0 = -2*o - 5*b + 16, -b - 6 = 5*o - 0*b. Let d be 2/o*0/3. List the prime factors of l(d).
2, 3
Let q(l) = 407*l - 434. List the prime factors of q(10).
2, 3, 101
Let t = -2563 + 4064. What are the prime factors of t?
19, 79
Let p be (-1)/(2/2)*(9 - 10). What are the prime factors of ((-38)/6 + p)*(-21)/2?
2, 7
Suppose 4 = 3*z + z. Suppose w = -2*t + 6*t + 6, 5*w + 4*t - 78 = 0. Let j = w + z. List the prime factors of j.
3, 5
Let b = 395 - -1223. What are the prime factors of b?
2, 809
Let v = 1073 + -377. Suppose 6*i = v + 828. What are the prime factors of i?
2, 127
Let g(m) = -15*m + 509. List the prime factors of g(-24).
11, 79
Suppose -3*a - r = -181, a - 4*a = 3*r - 183. Let i be (4/6)/(5/a). Suppose z - i*z = -161. List the prime factors of z.
23
Let h be -4*(-1)/(-6)*3. List the prime factors of 11/(-11)*56/h.
2, 7
Let l(c) = c - 11 + 3 + 7*c. Let o be l(10). Suppose 6*q + o = 10*q. List the prime factors of q.
2, 3
Suppose 22*l - 7*l - 35580 = 0. What are the prime factors of l?
2, 593
Suppose -28*y - 11039 = -61523. What are the prime factors of y?
3, 601
Let u = -28 + 90. Suppose -80 = -2*b - 5*c, -3*b + 44 + u = 4*c. What are the prime factors of (4/(-5))/((-6)/b)?
2
Let k(s) = -s**3 - 8*s**2 + 238. What are the prime factors of k(0)?
2, 7, 17
Let l = 706 - 178. List the prime factors of l.
2, 3, 11
Let d(m) = -4*m - 38. Let g be d(-6). Let p(a) = -19*a - 63. What are the prime factors of p(g)?
7, 29
Let x = -60 + 87. Suppose -32*j + x*j + 545 = 0. What are the prime factors of j?
109
Suppose 0 = 6*u + 3368 - 20522. What are the prime factors of u?
3, 953
Let d(p) = p - 18. Let x be d(25). Suppose 208 = x*c - 1010. List the prime factors of c.
2, 3, 29
Suppose 15*c + 1958 - 18653 = 0. What are the prime factors of c?
3, 7, 53
Suppose x = 2*o - 325, -o - 3*x + 190 = 2*x. What are the prime factors of (-617)/(-8) + (4 - o/40)?
7, 11
Let q(z) = -z**3 - 12*z**2 - 11*z - 8. Let y be -3 + -4 + -5 - -2. Let h be q(y). Let f = -46 - h. What are the prime factors of f?
2, 13
Let b = 775 + 1770. What are the prime factors of b?
5, 509
Let v(n) = -n - 8. Let a be v(-9). Suppose -1 = -s + a. What are the prime factors of (s/(-6))/(9/(-459))?
17
Suppose 1 = 3*j - 5. Suppose -5*a = 5*w - 15, -j*a - a + 7 = 2*w. Suppose 12 = 2*h + w*d - 5*d, -2*h = -5*d - 8. List the prime factors of h.
3
Suppose -4*o + 2*w = 330, 4*o - 2*w + 336 = 2*w. What are the prime factors of 2/(-9) + (-9009)/o?
3, 37
Let s = 386 + 295. List the prime factors of s.
3, 227
Let g(h) = -3*h - 2 + 3*h + 3*h**2 + h**3. Let q be g(2). Suppose -d = -q - 2. What are the prime factors of d?
2, 5
Let c = -13 - -19. Suppose 0 = 5*p + 3*w - 852, p + 2*w - 175 = c*w. What are the prime factors of p?
3, 19
Suppose -8*q + 2169 = -5487. What are the prime factors of q?
3, 11, 29
Let z(t) be the first derivative of t**4/2 + 2*t**3/3 + 7*t**2/2 - 4*t - 13. List the prime factors of z(3).
89
Let q = 98 - -201. What are the prime factors of q?
13, 23
Let t be (-6)/15 + 34/10. Suppose -4*l - 2*c = -58, l - 4*c = 22 - t. Let x = 35 - l. What are the prime factors of x?
2, 5
Let f(g) = 6*g - 7. Let x be f(11). Suppose 3*t = -2*r + 18, -4*t = 2*r + 3*r - x. Suppose 5*s + 0 - r = 0, 4*c + 2*s - 66 = 0. What are the prime factors of c?
3, 5
Suppose -47*o + 58*o - 19074 = 0. What are the prime factors of o?
2, 3, 17
Suppose -4*y = -4*g + 12, -4*g - 3*y = -0*g - 19. List the prime factors of g + (1 + -1 - -30).
2, 17
Let n = 3 + -6. Let l(x) = 9*x + 4. Let j(h) = 1. Let q(y) = 5*j(y) - l(y). List the prime factors of q(n).
2, 7
Suppose 4*r - 2808 = -i + 319, 3*r + i = 2344. List the prime factors of r.
3, 29
Suppose -5*b + 945 = -885. Let s = b - 226. What are the prime factors of s?
2, 5, 7
Let b be (-20)/(-5) - (-7)/1. Let y(u) = 22*u - 23. What are the prime factors of y(b)?
3, 73
Suppose -2*t + 78*k + 2792 = 82*k, 0 = 2*t + 5*k - 2791. What are the prime factors of t?
2, 3, 233
Let g = 798 + -176. What are the prime factors of g?
2, 311
Suppose -13 + 92 = 2*t + j, -3*t + 123 = 3*j. Let d = -23 + t. List the prime factors of d.
3, 5
Suppose -5*z = -10*z + 2805. Suppose 4*g = 2*d + 1020, 0 = -3*g - 5*d + z + 191. List the prime factors of g.
2, 127
Let a be (109/2)/((-11)/(-66)). Let n = a - 228. List the prime factors of n.
3, 11
Suppose 5*d + 9 = s, -3*s = -3*d - 2*d - 27. Suppose -s*x + 1606 = -1094. List the prime factors of x.
2, 3, 5
Let y(h) = 722*h**2 + 2*h. Let o(p) = p**2 - 8*p + 13. Let u be o(6). Let k be y(u). Suppose -9*l = 103 - k. What are the prime factors of l?
3, 23
Let w(v) = -v - 20. Let c be w(-14). Let x = -1 + c. List the prime factors of 2/x + (-540)/(-28).
19
Let a be 3/9 - 291/9. 